
22
Calculate the highest common factor of 825 and 25.
25
Calculate the highest common factor of 434 and 14.
14
What is the highest common factor of 384 and 96?
96
What is the greatest common divisor of 31 and 527?
31
What is the highest common factor of 70 and 42?
14
Calculate the highest common factor of 12309 and 33.
33
Calculate the highest common factor of 20 and 84.
4
Calculate the greatest common factor of 37 and 1.
1
What is the highest common divisor of 136 and 8?
8
Calculate the greatest common factor of 507 and 3.
3
Calculate the highest common divisor of 32 and 392.
8
What is the greatest common factor of 288 and 2976?
96
What is the highest common factor of 888 and 111?
111
Calculate the highest common divisor of 12 and 9228.
12
What is the greatest common divisor of 248 and 372?
124
Calculate the greatest common factor of 1177 and 11.
11
Calculate the highest common divisor of 726 and 858.
66
What is the greatest common divisor of 7 and 9583?
7
Calculate the highest common divisor of 31 and 11563.
31
Calculate the greatest common divisor of 51 and 4080.
51
What is the greatest common divisor of 470 and 3337?
47
What is the highest common factor of 7 and 1407?
7
What is the greatest common divisor of 54 and 678?
6
Calculate the greatest common factor of 4 and 76.
4
Calculate the highest common divisor of 3553 and 221.
17
Calculate the highest common factor of 37802 and 41.
41
What is the highest common divisor of 1254 and 342?
114
What is the highest common factor of 18 and 1053?
9
Calculate the greatest common divisor of 22347 and 117.
117
What is the greatest common factor of 1040 and 20540?
260
What is the greatest common divisor of 8 and 190?
2
Calculate the highest common factor of 100 and 3250.
50
What is the highest common factor of 300 and 40?
20
Calculate the highest common factor of 15856 and 16.
16
Calculate the greatest common factor of 90 and 486.
18
Calculate the greatest common factor of 40 and 95.
5
Calculate the highest common divisor of 3686 and 3298.
194
Calculate the highest common divisor of 714 and 336.
42
Calculate the highest common divisor of 25116 and 4.
4
Calculate the highest common divisor of 657 and 292.
73
What is the highest common divisor of 3 and 633?
3
Calculate the greatest common divisor of 152 and 12.
4
Calculate the highest common factor of 23984 and 24.
8
Calculate the greatest common factor of 629 and 51.
17
What is the greatest common divisor of 68 and 12?
4
Calculate the greatest common divisor of 301 and 86.
43
Calculate the greatest common divisor of 43 and 344.
43
What is the highest common divisor of 26 and 663?
13
Calculate the greatest common factor of 85 and 51.
17
Calculate the greatest common factor of 279 and 18.
9
What is the highest common factor of 200 and 25?
25
What is the greatest common divisor of 66 and 1122?
66
Calculate the highest common divisor of 363 and 66.
33
What is the highest common factor of 841 and 87?
29
Calculate the highest common factor of 1351 and 579.
193
Calculate the highest common divisor of 1470 and 378.
42
Calculate the greatest common factor of 176 and 143.
11
Calculate the highest common factor of 621 and 138.
69
What is the highest common factor of 221 and 169?
13
What is the greatest common divisor of 80 and 15?
5
What is the highest common divisor of 264 and 108?
12
Calculate the greatest common divisor of 24200 and 800.
200
What is the greatest common factor of 138 and 621?
69
Calculate the greatest common divisor of 159 and 5671.
53
What is the greatest common divisor of 451 and 492?
41
Calculate the greatest common factor of 144 and 54.
18
Calculate the highest common divisor of 376 and 47.
47
Calculate the highest common factor of 48 and 159.
3
What is the highest common factor of 60 and 3140?
20
What is the greatest common divisor of 342 and 261?
9
What is the greatest common factor of 40 and 1080?
40
What is the greatest common factor of 22761 and 281?
281
What is the highest common divisor of 374 and 170?
34
What is the highest common factor of 793 and 247?
13
Calculate the highest common divisor of 6 and 1014.
6
What is the greatest common divisor of 91 and 247?
13
Calculate the highest common divisor of 2071 and 763.
109
Calculate the greatest common factor of 5456 and 64.
16
What is the highest common factor of 98 and 56497?
49
Calculate the highest common factor of 144 and 112.
16
What is the greatest common divisor of 473 and 55?
11
What is the highest common divisor of 19 and 2033?
19
Calculate the highest common factor of 84 and 189.
21
Calculate the greatest common factor of 551 and 348.
29
What is the highest common factor of 703 and 38?
19
What is the highest common divisor of 469 and 1541?
67
Calculate the highest common factor of 16 and 328.
8
Calculate the highest common factor of 648 and 81.
81
What is the greatest common divisor of 5882 and 34?
34
Calculate the greatest common divisor of 121 and 319.
11
What is the highest common divisor of 36 and 16434?
18
What is the highest common factor of 4 and 30?
2
What is the greatest common divisor of 618 and 12?
6
What is the greatest common divisor of 981 and 261?
9
Calculate the highest common divisor of 506 and 22.
22
Calculate the greatest common factor of 720 and 12.
12
Calculate the greatest common divisor of 15323 and 44.
11
What is the highest common divisor of 15523 and 57?
19
What is the highest common factor of 666 and 72?
18
Calculate the greatest common factor of 385 and 495.
55
What is the highest common factor of 12480 and 8?
8
What is the highest common factor of 37 and 3071?
37
What is the highest common factor of 15 and 165?
15
What is the greatest common factor of 440 and 770?
110
What is the greatest common factor of 316 and 79?
79
What is the greatest common factor of 936 and 96?
24
What is the greatest common factor of 60 and 2526?
6
Calculate the highest common divisor of 64 and 5816.
8
Calculate the highest common divisor of 90 and 160.
10
Calculate the highest common divisor of 1856 and 377.
29
Calculate the highest common factor of 12 and 4.
4
Calculate the greatest common divisor of 308 and 22.
22
Calculate the highest common factor of 22 and 187.
11
Calculate the greatest common divisor of 481 and 39.
13
What is the highest common factor of 4117 and 23?
23
What is the greatest common divisor of 24 and 324?
12
What is the greatest common factor of 7 and 896?
7
Calculate the greatest common factor of 525 and 150.
75
Calculate the highest common factor of 567 and 35.
7
What is the greatest common divisor of 1764 and 36?
36
What is the highest common factor of 64 and 80?
16
Calculate the highest common divisor of 13 and 377.
13
What is the highest common factor of 465 and 5?
5
What is the greatest common divisor of 5 and 10435?
5
What is the highest common divisor of 85 and 68?
17
What is the greatest common factor of 1336 and 16?
8
What is the greatest common factor of 287 and 656?
41
What is the highest common factor of 52 and 91?
13
Calculate the greatest common divisor of 5427 and 67.
67
Calculate the highest common factor of 10 and 1442.
2
Calculate the highest common factor of 713 and 161.
23
What is the highest common divisor of 69 and 184?
23
Calculate the greatest common divisor of 6 and 20982.
6
What is the highest common divisor of 560 and 133?
7
What is the greatest common factor of 689 and 159?
53
What is the highest common factor of 82 and 41?
41
Calculate the greatest common divisor of 250 and 3200.
50
Calculate the greatest common factor of 35298 and 106.
106
Calculate the highest common factor of 664 and 8.
8
What is the greatest common divisor of 164 and 123?
41
What is the greatest common factor of 598 and 184?
46
What is the highest common factor of 21 and 84?
21
What is the highest common factor of 236 and 295?
59
Calculate the greatest common divisor of 63 and 875.
7
What is the highest common factor of 31 and 279?
31
Calculate the highest common divisor of 108 and 1548.
36
Calculate the highest common divisor of 9858 and 106.
106
Calculate the greatest common divisor of 72 and 108.
36
Calculate the highest common factor of 27 and 9.
9
Calculate the greatest common divisor of 12 and 42.
6
What is the greatest common divisor of 5